{"id":1322,"date":"2025-03-24T18:00:48","date_gmt":"2025-03-24T18:00:48","guid":{"rendered":"https:\/\/ff-inkofen.de\/home\/"},"modified":"2025-06-10T19:22:10","modified_gmt":"2025-06-10T19:22:10","slug":"home","status":"publish","type":"page","link":"https:\/\/ff-inkofen.de\/","title":{"rendered":"Feuerwehr Inkofen"},"content":{"rendered":"\n<p><\/p>\n\n\n\n<div class=\"wp-block-group alignfull has-background-color has-white-color has-ast-global-color-7-background-color has-text-color has-background has-link-color wp-elements-80bcaecee62eb5f9d746b74fba63c612 is-layout-constrained wp-container-core-group-is-layout-23b1a4dc wp-block-group-is-layout-constrained\" style=\"padding-top:var(--wp--preset--spacing--30);padding-right:var(--wp--preset--spacing--30);padding-bottom:var(--wp--preset--spacing--30);padding-left:var(--wp--preset--spacing--30)\">\n<div class=\"wp-block-group alignwide is-content-justification-space-between is-layout-flex wp-container-core-group-is-layout-b585a4aa wp-block-group-is-layout-flex\">\n<div class=\"wp-block-group is-layout-flex wp-block-group-is-layout-flex\"><div class=\"is-style-default wp-block-site-logo\"><a href=\"https:\/\/ff-inkofen.de\/\" class=\"custom-logo-link\" rel=\"home\"><img loading=\"lazy\" decoding=\"async\" width=\"290\" height=\"125\" src=\"https:\/\/ff-inkofen.de\/wp-content\/uploads\/2025\/04\/logoinkofenweissneu.png\" class=\"custom-logo\" alt=\"\" srcset=\"https:\/\/ff-inkofen.de\/wp-content\/uploads\/2025\/04\/logoinkofenweissneu.png 1438w, https:\/\/ff-inkofen.de\/wp-content\/uploads\/2025\/04\/logoinkofenweissneu-300x129.png 300w, https:\/\/ff-inkofen.de\/wp-content\/uploads\/2025\/04\/logoinkofenweissneu-1024x442.png 1024w, https:\/\/ff-inkofen.de\/wp-content\/uploads\/2025\/04\/logoinkofenweissneu-768x331.png 768w\" sizes=\"auto, (max-width: 290px) 100vw, 290px\" \/><\/a><\/div>\n\n<\/div>\n\n\n\n<div class=\"wp-block-group is-layout-flex wp-block-group-is-layout-flex\"><nav style=\"font-size:13px;\" class=\"items-justified-center wp-block-navigation is-horizontal is-content-justification-center is-layout-flex wp-container-core-navigation-is-layout-7a087f18 wp-block-navigation-is-layout-flex\" aria-label=\"Navigation\"><ul style=\"font-size:13px;\" class=\"wp-block-navigation__container items-justified-center wp-block-navigation\"><li style=\"font-size: 13px;\" class=\" wp-block-navigation-item wp-block-navigation-link\"><a class=\"wp-block-navigation-item__content\"  href=\"https:\/\/ff-inkofen.de\/?page_id=1328\"><span class=\"wp-block-navigation-item__label\">Kontakt<\/span><\/a><\/li><li style=\"font-size: 13px;\" class=\" wp-block-navigation-item wp-block-navigation-link\"><a class=\"wp-block-navigation-item__content\"  href=\"https:\/\/ff-inkofen.de\/?page_id=1324\"><span class=\"wp-block-navigation-item__label\">\u00dcber uns<\/span><\/a><\/li><li style=\"font-size: 13px;\" class=\" wp-block-navigation-item wp-block-navigation-link\"><a class=\"wp-block-navigation-item__content\"  href=\"https:\/\/ff-inkofen.de\/?page_id=3\"><span class=\"wp-block-navigation-item__label\">Impressum<\/span><\/a><\/li><\/ul><\/nav><\/div>\n<\/div>\n<\/div>\n\n\n\n<div class=\"wp-block-uagb-container uagb-block-494c42c4 alignwide uagb-is-root-container\">\n<div data-aos= \"zoom-in\" data-aos-duration=\"400\" data-aos-delay=\"0\" data-aos-easing=\"ease\" data-aos-once=\"true\" class=\"wp-block-uagb-container uag-blocks-common-selector uagb-block-54ce9aac alignwide uagb-is-root-container\"><\/div>\n\n\n\n<div data-aos= \"zoom-in\" data-aos-duration=\"400\" data-aos-delay=\"0\" data-aos-easing=\"ease\" data-aos-once=\"true\" class=\"wp-block-uagb-info-box uagb-block-cd2517a4 uagb-infobox__content-wrap  uagb-infobox-icon-above-title uagb-infobox-image-valign-top wp-block-uagb-info-box--has-margin\"><div class=\"uagb-infobox-margin-wrapper\"><div class=\"uagb-ifb-content\"><div class=\"uagb-ifb-title-wrap\"><h1 class=\"uagb-ifb-title-prefix\">FEIER MIT UNS<\/h1><h1 class=\"uagb-ifb-title\">150 Jahre <br>FREIWILIGE FEUERWEHR INKOFEN<br>Gro\u00dfes Jubil\u00e4umsfest!<\/h1><\/div><p class=\"uagb-ifb-desc\"> <\/p><\/div><\/div><\/div>\n\n\n\n<hr class=\"wp-block-separator has-alpha-channel-opacity\"\/>\n<\/div>\n\n\n\n<div class=\"wp-block-uagb-image uagb-block-1673d265 wp-block-uagb-image--layout-default wp-block-uagb-image--effect-static wp-block-uagb-image--align-none\"><figure class=\"wp-block-uagb-image__figure\"><img decoding=\"async\" srcset=\"https:\/\/ff-inkofen.de\/wp-content\/uploads\/2025\/04\/150FFWinkofenlog-1.png ,https:\/\/ff-inkofen.de\/wp-content\/uploads\/2025\/04\/150FFWinkofenlog-1.png 780w, https:\/\/ff-inkofen.de\/wp-content\/uploads\/2025\/04\/150FFWinkofenlog-1.png 360w\" sizes=\"auto, (max-width: 480px) 150px\" src=\"https:\/\/ff-inkofen.de\/wp-content\/uploads\/2025\/04\/150FFWinkofenlog-1.png\" alt=\"\" class=\"uag-image-2799\" width=\"402\" height=\"150\" title=\"150FFWinkofenlog\" loading=\"lazy\" role=\"img\"\/><\/figure><\/div>\n\n\n\n<div class=\"wp-block-uagb-container uagb-block-5fcee4f8 alignfull uagb-is-root-container\"><div class=\"uagb-container-inner-blocks-wrap\">\n<div class=\"wp-block-uagb-advanced-heading uagb-block-2b5f3149\"><h2 class=\"uagb-heading-text\">Die Freiwillige Feuerwehr Inkofen feiert ihr 150-j\u00e4hriges Bestehen und l\u00e4dt euch vom&nbsp;<strong>27. bis 29. Juni<\/strong>&nbsp;zu einem unvergesslichen Festwochenende ein.<\/h2><div class=\"uagb-separator\"><\/div><\/div>\n\n\n\n<div class=\"wp-block-uagb-container uagb-block-4a8e1942\">\n<div class=\"wp-block-uagb-container uagb-block-c988f562\">\n<div class=\"wp-block-uagb-image alignleft uagb-block-a35d235b wp-block-uagb-image--layout-default wp-block-uagb-image--effect-static wp-block-uagb-image--align-left\"><figure class=\"wp-block-uagb-image__figure\"><img decoding=\"async\" srcset=\"https:\/\/ff-inkofen.de\/wp-content\/uploads\/2025\/03\/1-738x1024.jpg ,https:\/\/ff-inkofen.de\/wp-content\/uploads\/2025\/03\/1-scaled.jpg 780w, https:\/\/ff-inkofen.de\/wp-content\/uploads\/2025\/03\/1-scaled.jpg 360w\" sizes=\"auto, (max-width: 480px) 150px\" src=\"https:\/\/ff-inkofen.de\/wp-content\/uploads\/2025\/03\/1-738x1024.jpg\" alt=\"\" class=\"uag-image-2679\" width=\"373\" height=\"464\" title=\"1\" loading=\"lazy\" role=\"img\"\/><\/figure><\/div>\n\n\n\n<div class=\"wp-block-uagb-advanced-heading uagb-block-b07219d5\"><h3 class=\"uagb-heading-text\">Freitag <\/h3><p class=\"uagb-desc-text\">Packt eure Sonnenbrillen und Flip-Flops ein \u2013 es ist wieder soweit! Die&nbsp;<strong>Inkofener Beach Party<\/strong>&nbsp;kehrt zur\u00fcck und bringt euch Sommerfeeling pur! \ud83c\udfb6\ud83c\udf79 Happy Hour bis 22 Uhr <\/p><\/div>\n<\/div>\n\n\n\n<div class=\"wp-block-uagb-container uagb-block-0ad6ff4e\">\n<div class=\"wp-block-uagb-image alignleft uagb-block-930d8e85 wp-block-uagb-image--layout-default wp-block-uagb-image--effect-static wp-block-uagb-image--align-left\"><figure class=\"wp-block-uagb-image__figure\"><img decoding=\"async\" srcset=\"https:\/\/ff-inkofen.de\/wp-content\/uploads\/2025\/04\/famweb-727x1024.jpg ,https:\/\/ff-inkofen.de\/wp-content\/uploads\/2025\/04\/famweb-scaled.jpg 780w, https:\/\/ff-inkofen.de\/wp-content\/uploads\/2025\/04\/famweb-scaled.jpg 360w\" sizes=\"auto, (max-width: 480px) 150px\" src=\"https:\/\/ff-inkofen.de\/wp-content\/uploads\/2025\/04\/famweb-727x1024.jpg\" alt=\"\" class=\"uag-image-2789\" width=\"373\" height=\"464\" title=\"famweb\" loading=\"lazy\" role=\"img\"\/><\/figure><\/div>\n\n\n\n<div class=\"wp-block-uagb-advanced-heading uagb-block-3974de5a\"><h3 class=\"uagb-heading-text\">Samstag <\/h3><p class=\"uagb-desc-text\">Spa\u00df f\u00fcr Gro\u00df &amp; Klein! \ud83d\ude92\ud83c\udf88Freut euch auf eine&nbsp;<strong>spannende Fahrzeugausstellung<\/strong>, interaktive Stationen zum Mitmachen und jede Menge Spa\u00df f\u00fcr Kinder und Erwachsene.&nbsp;<\/p><\/div>\n<\/div>\n\n\n\n<div class=\"wp-block-uagb-container uagb-block-48a31e6a\">\n<div class=\"wp-block-uagb-image alignleft uagb-block-2675d6b0 wp-block-uagb-image--layout-default wp-block-uagb-image--effect-static wp-block-uagb-image--align-left\"><figure class=\"wp-block-uagb-image__figure\"><img decoding=\"async\" srcset=\"https:\/\/ff-inkofen.de\/wp-content\/uploads\/2025\/03\/Festsonntag-726x1024.jpg ,https:\/\/ff-inkofen.de\/wp-content\/uploads\/2025\/03\/Festsonntag-scaled.jpg 780w, https:\/\/ff-inkofen.de\/wp-content\/uploads\/2025\/03\/Festsonntag-scaled.jpg 360w\" sizes=\"auto, (max-width: 480px) 150px\" src=\"https:\/\/ff-inkofen.de\/wp-content\/uploads\/2025\/03\/Festsonntag-726x1024.jpg\" alt=\"\" class=\"uag-image-2696\" width=\"373\" height=\"464\" title=\"Festsonntag\" loading=\"lazy\" role=\"img\"\/><\/figure><\/div>\n\n\n\n<div class=\"wp-block-uagb-advanced-heading uagb-block-8f982c10\"><h3 class=\"uagb-heading-text\">Sonntag <\/h3><p class=\"uagb-desc-text\"><strong>Traditioneller Festsonntag<\/strong>&nbsp;<br>Der Sonntag beginnt traditionell mit einem&nbsp;<strong>Wei\u00dfwurstfr\u00fchst\u00fcck<\/strong>, gefolgt vom feierlichen&nbsp;<strong>Festgottesdienst<\/strong>. Gemeinsam genie\u00dfen wir bayerische Gem\u00fctlichkeit. <\/p><\/div>\n<\/div>\n<\/div>\n<\/div><\/div>\n\n\n\n<div class=\"wp-block-uagb-advanced-heading uagb-block-de063424\"><h2 class=\"uagb-heading-text\">Sei dabei, wenn wir \u201e150 Jahre Feuerwehr Inkofen\u201c feiern \u2013 ein Fest voller Highlights, Tradition, Spa\u00df und Sommerstimmung!<\/h2><\/div>\n\n\n\n<div class=\"wp-block-uagb-image aligncenter uagb-block-21640db4 wp-block-uagb-image--layout-default wp-block-uagb-image--effect-static wp-block-uagb-image--align-center\"><figure class=\"wp-block-uagb-image__figure\"><img decoding=\"async\" srcset=\"https:\/\/ff-inkofen.de\/wp-content\/uploads\/2025\/03\/sd-2-scaled.jpg ,https:\/\/ff-inkofen.de\/wp-content\/uploads\/2025\/03\/sd-2-scaled.jpg 780w, https:\/\/ff-inkofen.de\/wp-content\/uploads\/2025\/03\/sd-2-scaled.jpg 360w\" sizes=\"auto, (max-width: 480px) 150px\" src=\"https:\/\/ff-inkofen.de\/wp-content\/uploads\/2025\/03\/sd-2-scaled.jpg\" alt=\"\" class=\"uag-image-2677\" width=\"2560\" height=\"1707\" title=\"sd 2\" loading=\"lazy\" role=\"img\"\/><\/figure><\/div>\n\n\n\n<div class=\"wp-block-uagb-container uagb-block-fb32e4bf alignfull uagb-is-root-container\"><div class=\"uagb-container-inner-blocks-wrap\">\n<div class=\"wp-block-uagb-info-box uagb-block-54aaf525 uagb-infobox__content-wrap  uagb-infobox-icon-below-title uagb-infobox-image-valign-top\"><div class=\"uagb-ifb-content\"><div class=\"uagb-ifb-title-wrap\"><h4 class=\"uagb-ifb-title\">\u201c<a>Gott Zur Ehr, Dem N\u00e4chsten Zur Wehr<\/a>.\u201d<\/h4><\/div><div class=\"uagb-ifb-image-content\"><img decoding=\"async\" src=\"https:\/\/ff-inkofen.de\/wp-content\/uploads\/2025\/03\/papagross-150x150.png\" alt=\"\" width=\"167\" height=\"167\" loading=\"lazy\"\/><\/div><p class=\"uagb-ifb-desc\">Christian Reinhardt <br>Kommandant <br>Freiwilige Feuerwehr Inkofen<br><br><br><\/p><\/div><\/div>\n\n\n\n<div class=\"wp-block-uagb-buttons uagb-buttons__outer-wrap uagb-btn__default-btn uagb-btn-tablet__default-btn uagb-btn-mobile__default-btn uagb-block-b9d46be9\"><div class=\"uagb-buttons__wrap uagb-buttons-layout-wrap \">\n<div class=\"wp-block-uagb-buttons-child uagb-buttons__outer-wrap uagb-block-c3c502c3 wp-block-button\"><div class=\"uagb-button__wrapper\"><a class=\"uagb-buttons-repeater wp-block-button__link\" aria-label=\"\" href=\"https:\/\/www.munich-airport.de\" rel=\"follow noopener\" target=\"_self\" role=\"button\"><div class=\"uagb-button__link\">Unser Partner <\/div><\/a><\/div><\/div>\n<\/div><\/div>\n\n\n\n<figure class=\"wp-block-image size-large\"><img loading=\"lazy\" decoding=\"async\" width=\"1024\" height=\"576\" src=\"https:\/\/ff-inkofen.de\/wp-content\/uploads\/2025\/06\/flug-1024x576.jpg\" alt=\"\" class=\"wp-image-2847\" srcset=\"https:\/\/ff-inkofen.de\/wp-content\/uploads\/2025\/06\/flug-1024x576.jpg 1024w, https:\/\/ff-inkofen.de\/wp-content\/uploads\/2025\/06\/flug-300x169.jpg 300w, https:\/\/ff-inkofen.de\/wp-content\/uploads\/2025\/06\/flug-768x432.jpg 768w, https:\/\/ff-inkofen.de\/wp-content\/uploads\/2025\/06\/flug-1536x864.jpg 1536w, https:\/\/ff-inkofen.de\/wp-content\/uploads\/2025\/06\/flug-2048x1152.jpg 2048w\" sizes=\"auto, (max-width: 1024px) 100vw, 1024px\" \/><\/figure>\n<\/div><\/div>\n\n\n\n<p><\/p>\n","protected":false},"excerpt":{"rendered":"<p>Die Freiwillige Feuerwehr Inkofen feiert ihr 150-j\u00e4hriges Bestehen und l\u00e4dt euch vom&nbsp;27. bis 29. Juni&nbsp;zu einem unvergesslichen Festwochenende ein. Freitag Packt eure Sonnenbrillen und Flip-Flops ein \u2013 es ist wieder soweit! Die&nbsp;Inkofener Beach Party&nbsp;kehrt zur\u00fcck und bringt euch Sommerfeeling pur! \ud83c\udfb6\ud83c\udf79 Happy Hour bis 22 Uhr Samstag Spa\u00df f\u00fcr Gro\u00df &amp; Klein! \ud83d\ude92\ud83c\udf88Freut euch auf [&hellip;]<\/p>\n","protected":false},"author":1,"featured_media":0,"parent":0,"menu_order":0,"comment_status":"closed","ping_status":"closed","template":"","meta":{"_uag_custom_page_level_css":"","site-sidebar-layout":"no-sidebar","site-content-layout":"page-builder","ast-site-content-layout":"full-width-container","site-content-style":"unboxed","site-sidebar-style":"unboxed","ast-global-header-display":"","ast-banner-title-visibility":"","ast-main-header-display":"","ast-hfb-above-header-display":"","ast-hfb-below-header-display":"","ast-hfb-mobile-header-display":"","site-post-title":"disabled","ast-breadcrumbs-content":"","ast-featured-img":"disabled","footer-sml-layout":"","ast-disable-related-posts":"","theme-transparent-header-meta":"enabled","adv-header-id-meta":"","stick-header-meta":"","header-above-stick-meta":"","header-main-stick-meta":"","header-below-stick-meta":"","astra-migrate-meta-layouts":"set","ast-page-background-enabled":"default","ast-page-background-meta":{"desktop":{"background-color":"var(--ast-global-color-4)","background-image":"","background-repeat":"repeat","background-position":"center center","background-size":"auto","background-attachment":"scroll","background-type":"","background-media":"","overlay-type":"","overlay-color":"","overlay-opacity":"","overlay-gradient":""},"tablet":{"background-color":"","background-image":"","background-repeat":"repeat","background-position":"center center","background-size":"auto","background-attachment":"scroll","background-type":"","background-media":"","overlay-type":"","overlay-color":"","overlay-opacity":"","overlay-gradient":""},"mobile":{"background-color":"","background-image":"","background-repeat":"repeat","background-position":"center center","background-size":"auto","background-attachment":"scroll","background-type":"","background-media":"","overlay-type":"","overlay-color":"","overlay-opacity":"","overlay-gradient":""}},"ast-content-background-meta":{"desktop":{"background-color":"var(--ast-global-color-5)","background-image":"","background-repeat":"repeat","background-position":"center center","background-size":"auto","background-attachment":"scroll","background-type":"","background-media":"","overlay-type":"","overlay-color":"","overlay-opacity":"","overlay-gradient":""},"tablet":{"background-color":"var(--ast-global-color-5)","background-image":"","background-repeat":"repeat","background-position":"center center","background-size":"auto","background-attachment":"scroll","background-type":"","background-media":"","overlay-type":"","overlay-color":"","overlay-opacity":"","overlay-gradient":""},"mobile":{"background-color":"var(--ast-global-color-5)","background-image":"","background-repeat":"repeat","background-position":"center center","background-size":"auto","background-attachment":"scroll","background-type":"","background-media":"","overlay-type":"","overlay-color":"","overlay-opacity":"","overlay-gradient":""}},"footnotes":""},"class_list":["post-1322","page","type-page","status-publish","hentry"],"uagb_featured_image_src":{"full":false,"thumbnail":false,"medium":false,"medium_large":false,"large":false,"1536x1536":false,"2048x2048":false},"uagb_author_info":{"display_name":"admin","author_link":"https:\/\/ff-inkofen.de\/author\/admin"},"uagb_comment_info":0,"uagb_excerpt":"Die Freiwillige Feuerwehr Inkofen feiert ihr 150-j\u00e4hriges Bestehen und l\u00e4dt euch vom&nbsp;27. bis 29. Juni&nbsp;zu einem unvergesslichen Festwochenende ein. Freitag Packt eure Sonnenbrillen und Flip-Flops ein \u2013 es ist wieder soweit! Die&nbsp;Inkofener Beach Party&nbsp;kehrt zur\u00fcck und bringt euch Sommerfeeling pur! \ud83c\udfb6\ud83c\udf79 Happy Hour bis 22 Uhr Samstag Spa\u00df f\u00fcr Gro\u00df &amp; Klein! \ud83d\ude92\ud83c\udf88Freut euch auf&hellip;","_links":{"self":[{"href":"https:\/\/ff-inkofen.de\/index.php?rest_route=\/wp\/v2\/pages\/1322","targetHints":{"allow":["GET"]}}],"collection":[{"href":"https:\/\/ff-inkofen.de\/index.php?rest_route=\/wp\/v2\/pages"}],"about":[{"href":"https:\/\/ff-inkofen.de\/index.php?rest_route=\/wp\/v2\/types\/page"}],"author":[{"embeddable":true,"href":"https:\/\/ff-inkofen.de\/index.php?rest_route=\/wp\/v2\/users\/1"}],"replies":[{"embeddable":true,"href":"https:\/\/ff-inkofen.de\/index.php?rest_route=%2Fwp%2Fv2%2Fcomments&post=1322"}],"version-history":[{"count":46,"href":"https:\/\/ff-inkofen.de\/index.php?rest_route=\/wp\/v2\/pages\/1322\/revisions"}],"predecessor-version":[{"id":2848,"href":"https:\/\/ff-inkofen.de\/index.php?rest_route=\/wp\/v2\/pages\/1322\/revisions\/2848"}],"wp:attachment":[{"href":"https:\/\/ff-inkofen.de\/index.php?rest_route=%2Fwp%2Fv2%2Fmedia&parent=1322"}],"curies":[{"name":"wp","href":"https:\/\/api.w.org\/{rel}","templated":true}]}}